0?
9
Calculate the remainder when 13231 is divided by 1887.
22
What is the remainder when 1564 is divided by 252?
52
What is the remainder when 59470 is divided by 86?
44
Calculate the remainder when 78749 is divided by 640.
29
Calculate the remainder when 4871 is divided by 64.
7
What is the remainder when 163234 is divided by 446?
444
What is the remainder when 1402890 is divided by 9?
6
Calculate the remainder when 42774 is divided by 891.
6
What is the remainder when 4848225 is divided by 1089?
1086
What is the remainder when 1080 is divided by 57?
54
What is the remainder when 5881 is divided by 1940?
61
Calculate the remainder when 10398 is divided by 16.
14
Calculate the remainder when 438384 is divided by 2534.
2
What is the remainder when 511 is divided by 80?
31
Calculate the remainder when 5678 is divided by 35.
8
Calculate the remainder when 651 is divided by 91.
14
Calculate the remainder when 5791 is divided by 577.
21
What is the remainder when 14389 is divided by 176?
133
What is the remainder when 2152 is divided by 1075?
2
What is the remainder when 5920535 is divided by 20?
15
Calculate the remainder when 260090 is divided by 53.
19
What is the remainder when 23673 is divided by 24?
9
Calculate the remainder when 369512 is divided by 1315.
1312
What is the remainder when 231219 is divided by 2202?
9
What is the remainder when 74973 is divided by 22?
19
Calculate the remainder when 4677 is divided by 48.
21
What is the remainder when 2972932 is divided by 101?
98
What is the remainder when 237182 is divided by 605?
22
Calculate the remainder when 6126 is divided by 2121.
1884
What is the remainder when 31082 is divided by 257?
242
Calculate the remainder when 88809 is divided by 29.
11
What is the remainder when 7082 is divided by 2191?
509
What is the remainder when 236004 is divided by 7?
6
What is the remainder when 282536 is divided by 320?
296
Calculate the remainder when 1535 is divided by 108.
23
Calculate the remainder when 14860191 is divided by 16.
15
What is the remainder when 1427 is divided by 245?
202
Calculate the remainder when 7301 is divided by 98.
49
Calculate the remainder when 763964 is divided by 1379.
1377
What is the remainder when 426 is divided by 169?
88
Calculate the remainder when 849 is divided by 844.
5
Calculate the remainder when 5453 is divided by 2714.
25
Calculate the remainder when 3987 is divided by 143.
126
Calculate the remainder when 23547 is divided by 2352.
27
Calculate the remainder when 331 is divided by 320.
11
Calculate the remainder when 16244 is divided by 35.
4
Calculate the remainder when 14384 is divided by 6.
2
What is the remainder when 49924 is divided by 960?
4
What is the remainder when 240899 is divided by 365?
364
What is the remainder when 1043995 is divided by 8628?
7
What is the remainder when 61936 is divided by 25?
11
Calculate the remainder when 12830 is divided by 855.
5
What is the remainder when 101196 is divided by 45?
36
Calculate the remainder when 190312 is divided by 26.
18
What is the remainder when 10952 is divided by 3644?
20
Calculate the remainder when 4097 is divided by 186.
5
Calculate the remainder when 15535 is divided by 874.
677
Calculate the remainder when 6695 is divided by 103.
0
Calculate the remainder when 9834 is divided by 226.
116
Calculate the remainder when 1990 is divided by 4.
2
Calculate the remainder when 1599077 is divided by 1014.
1013
Calculate the remainder when 5637 is divided by 2801.
35
What is the remainder when 945516 is divided by 2262?
0
What is the remainder when 11922 is divided by 7?
1
What is the remainder when 88378 is divided by 526?
10
Calculate the remainder when 1738 is divided by 616.
506
Calculate the remainder when 491964 is divided by 13296.
12
What is the remainder when 16018 is divided by 15933?
85
Calculate the remainder when 6575 is divided by 5.
0
What is the remainder when 99 is divided by 46?
7
Calculate the remainder when 18266 is divided by 89.
21
What is the remainder when 3599 is divided by 55?
24
What is the remainder when 26879 is divided by 8893?
200
Calculate the remainder when 144047 is divided by 25.
22
What is the remainder when 108664 is divided by 49?
31
What is the remainder when 7264 is divided by 363?
4
What is the remainder when 166535 is divided by 24?
23
Calculate the remainder when 6563 is divided by 3274.
15
Calculate the remainder when 26400 is divided by 909.
39
What is the remainder when 19339 is divided by 1?
0
What is the remainder when 44301 is divided by 497?
68
What is the remainder when 14009 is divided by 85?
69
What is the remainder when 1638 is divided by 136?
6
Calculate the remainder when 1203 is divided by 954.
249
Calculate the remainder when 7308 is divided by 738.
666
Calculate the remainder when 53077 is divided by 238.
3
What is the remainder when 7000 is divided by 140?
0
Calculate the remainder when 2051 is divided by 376.
171
Calculate the remainder when 85845 is divided by 28.
25
What is the remainder when 3551 is divided by 303?
218
Calculate the remainder when 6911 is divided by 6911.
0
Calculate the remainder when 1871 is divided by 919.
33
What is the remainder when 40669 is divided by 166?
165
Calculate the remainder when 2653 is divided by 521.
48
Calculate the remainder when 16837 is divided by 208.
197
What is the remainder when 132268 is divided by 325?
318
What is the remainder when 43117 is divided by 2874?
7
Calculate the remainder when 2822 is divided by 703.
10
What is the remainder when 329655 is divided by 212?
207
What is the remainder when 34589 is divided by 60?
29
Calculate the remainder when 693 is divided by 143.
121
Calculate the remainder when 14914 is divided by 199.
188
What is the remainder when 55436 is divided by 168?
164
Calculate the remainder when 23472 is divided by 118.
108
Calculate the remainder when 5270 is divided by 81.
5
What is the remainder when 234528 is divided by 17?
13
What is the remainder when 275128 is divided by 270?
268
What is the remainder when 36604 is divided by 732?
4
What is the remainder when 29926 is divided by 129?
127
What is the remainder when 323 is divided by 38?
19
What is the remainder when 10826 is divided by 60?
26
What is the remainder when 18975 is divided by 365?
360
Calculate the remainder when 54810 is divided by 193.
191
Calculate the remainder when 384581 is divided by 23.
21
Calculate the remainder when 90096 is divided by 128.
112
What is the remainder when 15344 is divided by 2556?
8
What is the remainder when 690621 is divided by 32?
29
Calculate the remainder when 7402 is divided by 72.
58
What is the remainder when 3971 is divided by 1378?
1215
What is the remainder when 38904 is divided by 263?
243
What is the remainder when 53234 is divided by 1212?
1118
What is the remainder when 5323 is divided by 906?
793
What is the remainder when 16156 is divided by 1906?
908
What is the remainder when 20737 is divided by 207?
37
What is the remainder when 10728 is divided by 2051?
473
What is the remainder when 94093 is divided by 45?
43
What is the remainder when 2878 is divided by 72?
70
Calculate the remainder when 1288 is divided by 542.
204
What is the remainder when 1153 is divided by 956?
197
What is the remainder when 595 is divided by 155?
130
Calculate the remainder when 3358 is divided by 5.
3
Calculate the remainder when 2716 is divided by 457.
431
What is the remainder when 17725 is divided by 17713?
12
Calculate the remainder when 27309 is divided by 2275.
9
What is the remainder when 1705054 is divided by 55?
54
What is the remainder when 3575 is divided by 120?
95
What is the remainder when 712 is divided by 47?
7
What is the remainder when 15647 is divided by 37?
33
What is the remainder when 633418 is divided by 90?
88
What is the remainder when 4406 is divided by 2183?
40
Calculate the remainder when 893 is divided by 450.
443
Calculate the remainder when 113057 is divided by 22.
21
Calculate the remainder when 13556 is divided by 23.
9
Calculate the remainder when 10860 is divided by 265.
260
What is the remainder when 179331 is divided by 16?
3
Calculate the remainder when 5303 is divided by 190.
173
What is the remainder when 3009 is divided by 150?
9
What i